{"id":481,"date":"2021-03-15T21:30:37","date_gmt":"2021-03-15T18:30:37","guid":{"rendered":"https:\/\/www.antalya-uyum.com.tr\/?page_id=481"},"modified":"2021-04-08T20:06:25","modified_gmt":"2021-04-08T17:06:25","slug":"kurumsal","status":"publish","type":"page","link":"https:\/\/www.antalya-uyum.com.tr\/?page_id=481","title":{"rendered":"Kurumsal"},"content":{"rendered":"<p>[vc_row css_animation=&#8221;element_from_left&#8221; row_type=&#8221;row&#8221; use_row_as_full_screen_section=&#8221;no&#8221; type=&#8221;grid&#8221; angled_section=&#8221;no&#8221; text_align=&#8221;left&#8221; background_image_as_pattern=&#8221;without_pattern&#8221; css=&#8221;.vc_custom_1615829443594{padding-top: 4.4% !important;padding-bottom: 7.1% !important;}&#8221; z_index=&#8221;&#8221;][vc_column][qode_elements_holder number_of_columns=&#8221;two_columns&#8221;][qode_elements_holder_item vertical_alignment=&#8221;middle&#8221; advanced_animations=&#8221;no&#8221; item_padding=&#8221;11% 0% 0% 0%&#8221; item_padding_1024_1280=&#8221;12% 0% 0% 0%&#8221; item_padding_768_1024=&#8221;12% 0% 0% 0%&#8221; item_padding_600_768=&#8221;4% 0% 0% 0%&#8221; item_padding_480_600=&#8221;4% 0% 0% 0%&#8221; item_padding_480=&#8221;4% 0% 0% 0%&#8221;][vc_column_text]<\/p>\n<h2>Hakk\u0131m\u0131zda<\/h2>\n<p>[\/vc_column_text][vc_empty_space height=&#8221;6px&#8221;][vc_column_text]<\/p>\n<p style=\"text-align: left;\">Y\u00f6netim kurulu ba\u015fkan\u0131m\u0131z\u00a0<strong>YMM. S\u00fcleyman \u00c7evik<\/strong>, s\u00fcrd\u00fcrmekte oldu\u011fu\u00a0<strong>Maliye Bakanl\u0131\u011f\u0131 Gelirler Ba\u015fkontrol\u00f6rl\u00fc\u011f\u00fc\u00a0<\/strong>g\u00f6revinden\u00a0<strong>Ocak \/ 1990\u00a0<\/strong>tarihinde ayr\u0131lm\u0131\u015f ve Antalya\u2019da ferdi olarak yeminli mali m\u00fc\u015favirlik yapmaya ba\u015flam\u0131\u015ft\u0131r.<strong> &#8230;..<\/strong><\/p>\n<p>[\/vc_column_text][vc_empty_space height=&#8221;10px&#8221;][vc_column_text]<\/p>\n<h6><span style=\"color: #000080;\"><a style=\"color: #000080;\" href=\"https:\/\/www.antalya-uyum.com.tr\/?page_id=475\">Daha Fazla &#8230;..<\/a><\/span><\/h6>\n<div id=\"gtx-trans\" style=\"position: absolute; left: -23px; top: -1.69792px;\">\n<div class=\"gtx-trans-icon\"><\/div>\n<\/div>\n<p>[\/vc_column_text][\/qode_elements_holder_item][qode_elements_holder_item advanced_animations=&#8221;no&#8221;][vc_single_image image=&#8221;500&#8243; img_size=&#8221;full&#8221; alignment=&#8221;right&#8221; qode_css_animation=&#8221;&#8221;][\/qode_elements_holder_item][\/qode_elements_holder][\/vc_column][\/vc_row][vc_row css_animation=&#8221;element_from_right&#8221; row_type=&#8221;row&#8221; use_row_as_full_screen_section=&#8221;no&#8221; type=&#8221;grid&#8221; angled_section=&#8221;no&#8221; text_align=&#8221;left&#8221; background_image_as_pattern=&#8221;without_pattern&#8221; css=&#8221;.vc_custom_1615829437012{padding-top: 4.4% !important;padding-bottom: 7.1% !important;}&#8221; z_index=&#8221;&#8221; background_color=&#8221;#eff5f5&#8243;][vc_column][qode_elements_holder number_of_columns=&#8221;two_columns&#8221;][qode_elements_holder_item advanced_animations=&#8221;no&#8221;][vc_single_image image=&#8221;470&#8243; img_size=&#8221;full&#8221; onclick=&#8221;custom_link&#8221; img_link_target=&#8221;_blank&#8221; qode_css_animation=&#8221;&#8221; link=&#8221;https:\/\/www.kgk.gov.tr\/&#8221;][\/qode_elements_holder_item][qode_elements_holder_item vertical_alignment=&#8221;middle&#8221; advanced_animations=&#8221;no&#8221; item_padding=&#8221;11% 0% 0% 0%&#8221; item_padding_1024_1280=&#8221;12% 0% 0% 0%&#8221; item_padding_768_1024=&#8221;12% 0% 0% 0%&#8221; item_padding_600_768=&#8221;4% 0% 0% 0%&#8221; item_padding_480_600=&#8221;4% 0% 0% 0%&#8221; item_padding_480=&#8221;4% 0% 0% 0%&#8221;][vc_column_text css=&#8221;.vc_custom_1615832796812{padding-left: 20px !important;}&#8221;]<\/p>\n<h2>Kamu G\u00f6zetimi Kurumu<\/h2>\n<div id=\"gtx-trans\" style=\"position: absolute; left: 7px; top: 52.25px;\">\n<div class=\"gtx-trans-icon\"><\/div>\n<\/div>\n<p>[\/vc_column_text][vc_empty_space height=&#8221;6px&#8221;][vc_column_text css=&#8221;.vc_custom_1615832830308{padding-left: 20px !important;}&#8221;]<\/p>\n<p style=\"text-align: left;\">BA\u011eIMSIZ DENET\u0130ME TAB\u0130 OLACAK \u015e\u0130RKETLER\u0130N BEL\u0130RLENMES\u0130NE DA\u0130R BAKANLAR KURULU KARARINA \u0130L\u0130\u015eK\u0130N USUL VE ESASLARDA DE\u011e\u0130\u015e\u0130KL\u0130K YAPILMASI HAKKINDA USUL VE ESASLAR MADDE 1 \u2013 12\/3\/2013 tarihli ve 28585 say\u0131l\u0131 Resm\u00ee Gazete\u2019de yay\u0131mlanan Ba\u011f\u0131ms\u0131z Denetime Tabi Olacak \u015eirketlerin &#8230;&#8230;<\/p>\n<p>[\/vc_column_text][vc_empty_space height=&#8221;10px&#8221;][vc_column_text css=&#8221;.vc_custom_1617901171659{padding-left: 20px !important;}&#8221;]<\/p>\n<h6><span style=\"color: #000080;\"><a style=\"color: #000080;\" href=\"https:\/\/www.kgk.gov.tr\/\">Daha Fazla &#8230;..<\/a><\/span><\/h6>\n<p>[\/vc_column_text][\/qode_elements_holder_item][\/qode_elements_holder][\/vc_column][\/vc_row][vc_row css_animation=&#8221;element_from_left&#8221; row_type=&#8221;row&#8221; use_row_as_full_screen_section=&#8221;no&#8221; type=&#8221;grid&#8221; angled_section=&#8221;no&#8221; text_align=&#8221;left&#8221; background_image_as_pattern=&#8221;without_pattern&#8221; css=&#8221;.vc_custom_1615829454354{padding-top: 4.4% !important;padding-bottom: 7.1% !important;}&#8221; z_index=&#8221;&#8221;][vc_column][qode_elements_holder number_of_columns=&#8221;two_columns&#8221;][qode_elements_holder_item vertical_alignment=&#8221;middle&#8221; advanced_animations=&#8221;no&#8221; item_padding=&#8221;11% 0% 0% 0%&#8221; item_padding_1024_1280=&#8221;12% 0% 0% 0%&#8221; item_padding_768_1024=&#8221;12% 0% 0% 0%&#8221; item_padding_600_768=&#8221;4% 0% 0% 0%&#8221; item_padding_480_600=&#8221;4% 0% 0% 0%&#8221; item_padding_480=&#8221;4% 0% 0% 0%&#8221;][vc_column_text]<\/p>\n<h2>YMM ve Denetim Kadromuz<\/h2>\n<div id=\"gtx-trans\" style=\"position: absolute; left: -1px; top: -4.08333px;\">\n<div class=\"gtx-trans-icon\"><\/div>\n<\/div>\n<p>[\/vc_column_text][vc_empty_space height=&#8221;6px&#8221;][vc_column_text]<b>YMM S\u00dcLEYMAN \u00c7EV\u0130K<\/b><\/p>\n<p>1945 y\u0131l\u0131nda Elmal\u0131\u2019da do\u011fdu. 1971 y\u0131l\u0131nda Eski\u015fehir \u0130T\u0130A\u2019ni bitirdi. 01.02.1972\u2019de \u0130\u015f M\u00fcfetti\u015fi Yard\u0131mc\u0131l\u0131\u011f\u0131na, 29.07.1972\u2019de de Gelirler Kontrol\u00f6rl\u00fc\u011f\u00fcne ba\u015flad\u0131. 1979 \u2013 1982 y\u0131llar\u0131nda Fransa\u2019da mesleki incelemelerde bulundu, &#8230;&#8230;[\/vc_column_text][vc_empty_space height=&#8221;10px&#8221;][vc_column_text]<\/p>\n<h6><span style=\"color: #000080;\"><a style=\"color: #000080;\" href=\"https:\/\/www.antalya-uyum.com.tr\/?page_id=442\">Daha Fazla &#8230;..<\/a><\/span><\/h6>\n<div id=\"gtx-trans\" style=\"position: absolute; left: -23px; top: 39.9688px;\">\n<div class=\"gtx-trans-icon\"><\/div>\n<\/div>\n<p>[\/vc_column_text][\/qode_elements_holder_item][qode_elements_holder_item advanced_animations=&#8221;no&#8221;][vc_single_image image=&#8221;570&#8243; img_size=&#8221;full&#8221; alignment=&#8221;right&#8221; qode_css_animation=&#8221;&#8221;][\/qode_elements_holder_item][\/qode_elements_holder][\/vc_column][\/vc_row]<\/p>\n","protected":false},"excerpt":{"rendered":"<p>[vc_row css_animation=&#8221;element_from_left&#8221; row_type=&#8221;row&#8221; use_row_as_full_screen_section=&#8221;no&#8221; type=&#8221;grid&#8221; angled_section=&#8221;no&#8221; text_align=&#8221;left&#8221; background_image_as_pattern=&#8221;without_pattern&#8221; css=&#8221;.vc_custom_1615829443594{padding-top: 4.4% !important;padding-bottom: 7.1% !important;}&#8221; z_index=&#8221;&#8221;][vc_column][qode_elements_holder number_of_columns=&#8221;two_columns&#8221;][qode_elements_holder_item vertical_alignment=&#8221;middle&#8221; advanced_animations=&#8221;no&#8221; item_padding=&#8221;11% 0% 0% 0%&#8221; item_padding_1024_1280=&#8221;12% 0% 0% 0%&#8221; item_padding_768_1024=&#8221;12% 0% 0% 0%&#8221; item_padding_600_768=&#8221;4% 0% 0% 0%&#8221; item_padding_480_600=&#8221;4% 0% 0% 0%&#8221; item_padding_480=&#8221;4% 0% 0% 0%&#8221;][vc_column_text] Hakk\u0131m\u0131zda [\/vc_column_text][vc_empty_space height=&#8221;6px&#8221;][vc_column_text] Y\u00f6netim&#8230;<\/p>\n","protected":false},"author":2,"featured_media":0,"parent":0,"menu_order":0,"comment_status":"closed","ping_status":"closed","template":"full_width.php","meta":{"footnotes":""},"class_list":["post-481","page","type-page","status-publish","hentry"],"_links":{"self":[{"href":"https:\/\/www.antalya-uyum.com.tr\/index.php?rest_route=\/wp\/v2\/pages\/481","targetHints":{"allow":["GET"]}}],"collection":[{"href":"https:\/\/www.antalya-uyum.com.tr\/index.php?rest_route=\/wp\/v2\/pages"}],"about":[{"href":"https:\/\/www.antalya-uyum.com.tr\/index.php?rest_route=\/wp\/v2\/types\/page"}],"author":[{"embeddable":true,"href":"https:\/\/www.antalya-uyum.com.tr\/index.php?rest_route=\/wp\/v2\/users\/2"}],"replies":[{"embeddable":true,"href":"https:\/\/www.antalya-uyum.com.tr\/index.php?rest_route=%2Fwp%2Fv2%2Fcomments&post=481"}],"version-history":[{"count":8,"href":"https:\/\/www.antalya-uyum.com.tr\/index.php?rest_route=\/wp\/v2\/pages\/481\/revisions"}],"predecessor-version":[{"id":571,"href":"https:\/\/www.antalya-uyum.com.tr\/index.php?rest_route=\/wp\/v2\/pages\/481\/revisions\/571"}],"wp:attachment":[{"href":"https:\/\/www.antalya-uyum.com.tr\/index.php?rest_route=%2Fwp%2Fv2%2Fmedia&parent=481"}],"curies":[{"name":"wp","href":"https:\/\/api.w.org\/{rel}","templated":true}]}}